3, what is -122 + 112?
-10
In base 12, what is 3 - 143?
-140
In base 8, what is 3 + 242?
245
In base 3, what is 11 - 110?
-22
In base 6, what is -123 - 5?
-132
In base 8, what is 0 + -1231?
-1231
In base 16, what is -eb - 0?
-eb
In base 11, what is 5 - 92?
-88
In base 16, what is 784 + 1?
785
In base 5, what is -223030 - 2?
-223032
In base 7, what is -3 - -5601?
5565
In base 7, what is -5 + 1044?
1036
In base 12, what is -2 + 150?
14a
In base 7, what is -6 - 356?
-365
In base 3, what is -12 + 221?
202
In base 13, what is 2 - -8?
a
In base 11, what is 19 + 15?
33
In base 4, what is -33333 + -10?
-100003
In base 4, what is 121 + 103?
230
In base 8, what is -2 - -243?
241
In base 14, what is -1 - -d7b?
d7a
In base 16, what is -96 - 1?
-97
In base 16, what is 4 - 57?
-53
In base 13, what is 20 - 2?
1b
In base 12, what is -4 + -193?
-197
In base 8, what is -45 + 2?
-43
In base 16, what is -8 - -563?
55b
In base 2, what is 10110110 - 1001?
10101101
In base 6, what is -10 + 31?
21
In base 2, what is -100110111001101 - 11?
-100110111010000
In base 10, what is -90 - -3?
-87
In base 16, what is -76 - -65?
-11
In base 6, what is -3 - 13112?
-13115
In base 5, what is -10 - -420?
410
In base 16, what is -125 - -1?
-124
In base 14, what is -a7c6 - 1?
-a7c7
In base 9, what is 4475 - 1?
4474
In base 11, what is 8 + 2?
a
In base 5, what is -1103 - -10?
-1043
In base 16, what is -148 - 1c?
-164
In base 16, what is 4 - ef1?
-eed
In base 9, what is -32 - 44?
-76
In base 7, what is -2 + 451?
446
In base 2, what is -11001 - 100000?
-111001
In base 3, what is 11 + -1102001?
-1101220
In base 6, what is -1112 + 4?
-1104
In base 11, what is 8 + 56?
63
In base 5, what is 10 - 33340?
-33330
In base 6, what is -1514 - -1?
-1513
In base 2, what is 101 + 10011110000?
10011110101
In base 11, what is -3 - -30a9?
30a6
In base 7, what is 220 + -124?
63
In base 13, what is 10 - 17?
-7
In base 15, what is 0 - -38?
38
In base 6, what is -35 - -31?
-4
In base 11, what is 15 + -66?
-51
In base 13, what is 0 - 10a?
-10a
In base 15, what is d + 3e2?
400
In base 14, what is 5 + 20?
25
In base 6, what is -41 - 3?
-44
In base 15, what is -5 + 22?
1c
In base 3, what is -2100010 + -1?
-2100011
In base 4, what is -122001 + 3?
-121332
In base 8, what is -17 + -30?
-47
In base 11, what is -5 + 6?
1
In base 10, what is -723 + 2?
-721
In base 4, what is -10 + 1323?
1313
In base 3, what is -1100111 - 210?
-1101021
In base 12, what is 6 + 252?
258
In base 6, what is -35005 - 3?
-35012
In base 7, what is -15161 - 5?
-15166
In base 5, what is -113 + 10?
-103
In base 16, what is -4c + -6?
-52
In base 12, what is -b97 + 3?
-b94
In base 14, what is -c9 - 1?
-ca
In base 6, what is -10445 - -2?
-10443
In base 3, what is -10 - -112?
102
In base 9, what is -3 - 1427?
-1431
In base 7, what is 1531 + -5?
1523
In base 3, what is -20112 - 1001?
-21120
In base 15, what is -14 - -d9?
c5
In base 5, what is 2344 + -1?
2343
In base 12, what is 458 + 5?
461
In base 4, what is 3 + 2111?
2120
In base 11, what is -1 - -3?
2
In base 8, what is -5246 - -1?
-5245
In base 11, what is -5556 - -2?
-5554
In base 14, what is -1023 + -1?
-1024
In base 10, what is 1 - -13?
14
In base 13, what is 551 - 0?
551
In base 16, what is 26 - 2a?
-4
In base 10, what is -3 + -1994?
-1997
In base 7, what is -2 + 60?
55
In base 13, what is 1 + -6b9?
-6b8
In base 13, what is 6c - 1?
6b
In base 4, what is -12 + -230?
-302
In base 14, what is 1 + 1d4?
1d5
In base 5, what is 2230 - -4?
2234
In base 10, what is 145 + -104?
41
In base 8, what is 5 + -2614?
-2607
In base 13, what is 23 - 10?
13
In base 13, what is 5 - a3?
-9b
In base 11, what is -912 + 0?
-912
In base 5, what is -3032 - 10?
-3042
In base 14, what is 11b2 - 5?
11ab
In base 7, what is 220 - -2?
222
In base 5, what is 34301 + 1?
34302
In base 12, what is 29 + 9?
36
In base 13, what is 1 - -58?
59
In base 5, what is -33 + -40?
-123
In base 12, what is 138 - -11?
149
In base 9, what is -3734 + -4?
-3738
In base 5, what is 10 - -3014?
3024
In base 14, what is 1c51 - 3?
1c4c
In base 12, what is 12 - 2?
10
In base 13, what is 505 - -1?
506
In base 14, what is -161 - 6?
-167
In base 16, what is 4 + -7f?
-7b
In base 16, what is -1 - 1094?
-1095
In base 5, what is 0 - -140?
140
In base 13, what is -3 + -26?
-29
In base 12, what is 21 + -5?
18
In base 12, what is 1086 + -6?
1080
In base 15, what is -1ed + -3?
-201
In base 3, what is -11122010 + 10?
-11122000
In base 5, what is -4 - -204?
200
In base 8, what is 24740 + 0?
24740
In base 2, what is -1111010011111 - 0?
-1111010011111
In base 3, what is 11 - -2101?
2112
In base 16, what is -2d + -1?
-2e
In base 8, what is -3 + -2413?
-2416
In base 7, what is -11665 + -2?
-12000
In base 4, what is 0 + -11100?
-11100
In base 13, what is 88 - -7?
92
In base 12, what is -1a - -22?
4
In base 7, what is 1 - -32?
33
In base 13, what is -2 - 1b37?
-1b39
In base 5, what is 1132 + -4?
1123
In base 12, what is 3 + 71b?
722
In base 13, what is 12 + 77?
89
In base 8, what is 5360 + 4?
5364
In base 7, what is -266 - 26?
-325
In base 10, what is 12468 + 0?
12468
In base 15, what is -99 + -26?
-c0
In base 16, what is -4 - -4a?
46
In base 6, what is -1115 - 23?
-1142
In base 11, what is -2769 + 3?
-2766
In base 2, what is -1001110011 - -11?
-1001110000
In base 9, what is 13 - 0?
13
In base 16, what is -3a + 0?
-3a
In base 13, what is 6 - -20?
26
In base 10, what is -102 + 7?
-95
In base 8, what is -11551 - -1?
-11550
In base 15, what is 3 - -37?
3a
In base 7, what is 0 + -151?
-151
In base 11, what is 7 + 51?
58
In base 13, what is 9 + -5?
4
In base 15, what is 2ce - 4?
2ca
In base 9, what is -5 + -265?
-271
In base 12, what is -2 - a28?
-a2a
In base 14, what is 12c4 - 0?
12c4
In base 5, what is -1 - 341?
-342
In base 4, what is -33 - -2322?
2223
In base 15, what is -9e - 0?
-9e
In base 10, what is 1 - -1257?
1258
In base 3, what is 100 - 112?
-12
In base 8, what is 1 + 23?
24
In base 6, what is -12533 + -1?
-12534
In base 8, what is 1476 + -12?
1464
In base 9, what is 1408 + 5?
1414
In base 13, what is -2c1 + 3?
-2bb
In base 16, what is -6 + -10c?
-112
In base 16, what is -1 + 2f?
2e
In base 6, what is -122 + 15?
-103
In base 9, what is -1 + -154?
-155
In base 2, what is -1001111011010 + 11?
-1001111010111
In base 5, what is -3441 - 3?
-3444
In base 12, what is -a06 + -5?
-a0b
In base 16, what is 0 - -6?
6
In base 7, what is 0 + 231?
231
In base 5, what is 32 - 1133?
-1101
In base 9, what is -2 + 20?
17
In base 2, what is -101 + -10100?
-11001
In base 10, what is -21 - 11?
-32
In base 9, what is 33 + -144?
-111
In base 12, what is 6713 - -4?
6717
In base 15, what is -22 - -1a7?
185
In base 4, what is 12 + 2?
20
In base 11, what is 1a + 64?
83
In base 12, what is 305b - 1?
305a
In base 11, what is 11a - -9?
128
In base 11, what is -661 - -9?
-653
In base 14, what is b - 143?
-136
In base 9, what is 4 + 22?
26
In base 6, what is -4322 + -5?
-4331
In base 13, what is -20b + 7?
-204
In base 14, what is 320 + -5?
319
In base 11, what is 7 - -302?
309
In base 6, what is 2 + -3420?
-3414
In base 6, what is 3 + -242?
-235
In base 14, what is 5 + 2c4?
2c9
In base 2, what is 0 + 100011011?
100011011
In base 13, what is 7 + -59?
-52
In base 10, what is 1392 + -1?
1391
In base 15, what is 0 + c?
c
In base 16, what is 2 - 35?
-33
In base 14, what is 4 - 107c?
-1078
In base 9, what is 1 + 1643?
1644
In base 2, what is 10 + -11000?
-10110
In base 16, what is 71 + 2?
73
In base 3, what is -122 + 100?
-22
In base 16, what is 15 - -38?
4d
In base 14, what is -4 - 3b?
-41
In base 7, what is 60 - -306?
366
In base 9, what is -1 - 606?
-607
In base 14, what is 547 - -6?
54d
In base 12, what is -6 + 42?
38
In base 11, what is 25 + 2?
27
In base 3, what is -1101212 - -20?
-1101122
In base 14, what is -1 + 11?
10
In base 10, what is 8 - 4?
4
In base 6, what is 4 + 100?
104
In base 3, what is 1012 - -2?
1021
In base 4, what is 2220 - -232?
3112
In base 9, what is 10 - 37?
-27
In base 11, what is -12 - -45?
33
In base 9, what is 341 - 8?
332
In base 11, what is 896 + 3?
899
In base 13, what is 7 + -26?
-1c
In base 12, what is 2 + 2242?
2244
In base 16, what is 2a - -2f?
59
In base 5, what is 0 + -40434?
-40434
In base 12, what is -15 - 9?
-22
In base 16, what is -53 + 3?
-50
In base 